{"id":970,"date":"2023-08-29T12:44:23","date_gmt":"2023-08-29T11:44:23","guid":{"rendered":"https:\/\/bocumdefense.com\/policial-militar\/?post_type=product&#038;p=970"},"modified":"2023-08-29T12:45:15","modified_gmt":"2023-08-29T11:45:15","slug":"daniel-defense-dispositivo-de-supresion-superior","status":"publish","type":"product","link":"https:\/\/bocumdefense.com\/policial-militar\/producto\/daniel-defense-dispositivo-de-supresion-superior\/","title":{"rendered":"DANIEL DEFENSE SUPERIOR SUPPRESSION DEVICE  6.8mm \/ 300 BLK"},"content":{"rendered":"<h2 style=\"text-align: center;\"><strong>DETALLES\u00a0<\/strong><\/h2>\n<ul>\n<li><strong>Rosca:<\/strong>\u00a05\/8 x 24 TPI.<\/li>\n<li><strong>Longitud:<\/strong> Est\u00e1ndar 1,875&#8243; (4.76cm) o Extendida 2,25&#8243; (5.71cm).<\/li>\n<li><strong>Fabricado en EE. UU.<\/strong><\/li>\n<\/ul>\n<p>&nbsp;<\/p>\n<p>&nbsp;<\/p>\n<p>&nbsp;<\/p>\n","protected":false},"excerpt":{"rendered":"<p>El dispositivo de supresi\u00f3n superior de Daniel Defense ha sido dise\u00f1ado para reducir la firma del fogonazo y disminuir la elevaci\u00f3n de la boca del ca\u00f1\u00f3n. Fabricado en acero inoxidable aeroespacial 17-4 y con un acabado de nitruro de ba\u00f1o de sal, se requiere un mantenimiento m\u00ednimo. Este dispositivo de supresi\u00f3n superior de Daniel Defense est\u00e1 disponible en longitudes est\u00e1ndar o extendidas y con roscas de \u00bd x 28 TPI o 5\/8 x 24 TPI.<\/p>\n","protected":false},"featured_media":698,"comment_status":"open","ping_status":"closed","template":"","meta":{"_et_pb_use_builder":"","_et_pb_old_content":"","_et_gb_content_width":"","inline_featured_image":false},"product_cat":[458,167],"product_tag":[27],"class_list":["post-970","product","type-product","status-publish","has-post-thumbnail","hentry","product_cat-armas-pm","product_cat-policial-militar","product_tag-rojo"],"yoast_head":"<!-- This site is optimized with the Yoast SEO plugin v20.8 - https:\/\/yoast.com\/wordpress\/plugins\/seo\/ -->\n<title>DANIEL DEFENSE SUPERIOR SUPPRESSION DEVICE 6.8mm \/ 300 BLK - Bocum Defense Policial Militar<\/title>\n<meta name=\"robots\" content=\"noindex, follow, max-snippet:-1, max-image-preview:large, max-video-preview:-1\" \/>\n<meta property=\"og:locale\" content=\"es_ES\" \/>\n<meta property=\"og:type\" content=\"article\" \/>\n<meta property=\"og:title\" content=\"DANIEL DEFENSE SUPERIOR SUPPRESSION DEVICE 6.8mm \/ 300 BLK - Bocum Defense Policial Militar\" \/>\n<meta property=\"og:description\" content=\"El dispositivo de supresi\u00f3n superior de Daniel Defense ha sido dise\u00f1ado para reducir la firma del fogonazo y disminuir la elevaci\u00f3n de la boca del ca\u00f1\u00f3n. Fabricado en acero inoxidable aeroespacial 17-4 y con un acabado de nitruro de ba\u00f1o de sal, se requiere un mantenimiento m\u00ednimo. Este dispositivo de supresi\u00f3n superior de Daniel Defense est\u00e1 disponible en longitudes est\u00e1ndar o extendidas y con roscas de \u00bd x 28 TPI o 5\/8 x 24 TPI.\" \/>\n<meta property=\"og:url\" content=\"https:\/\/bocumdefense.com\/policial-militar\/producto\/daniel-defense-dispositivo-de-supresion-superior\/\" \/>\n<meta property=\"og:site_name\" content=\"Bocum Defense Policial Militar\" \/>\n<meta property=\"article:modified_time\" content=\"2023-08-29T11:45:15+00:00\" \/>\n<meta property=\"og:image\" content=\"https:\/\/bocumdefense.com\/policial-militar\/policial-militar\/wp-content\/uploads\/2023\/02\/SUPERIOR-SUPPRESSION-DEVICE-MAIN.jpg\" \/>\n\t<meta property=\"og:image:width\" content=\"1000\" \/>\n\t<meta property=\"og:image:height\" content=\"1000\" \/>\n\t<meta property=\"og:image:type\" content=\"image\/jpeg\" \/>\n<meta name=\"twitter:card\" content=\"summary_large_image\" \/>\n<meta name=\"twitter:label1\" content=\"Tiempo de lectura\" \/>\n\t<meta name=\"twitter:data1\" content=\"1 minuto\" \/>\n<script type=\"application\/ld+json\" class=\"yoast-schema-graph\">{\"@context\":\"https:\/\/schema.org\",\"@graph\":[{\"@type\":\"WebPage\",\"@id\":\"https:\/\/bocumdefense.com\/policial-militar\/producto\/daniel-defense-dispositivo-de-supresion-superior\/\",\"url\":\"https:\/\/bocumdefense.com\/policial-militar\/producto\/daniel-defense-dispositivo-de-supresion-superior\/\",\"name\":\"DANIEL DEFENSE SUPERIOR SUPPRESSION DEVICE 6.8mm \/ 300 BLK - Bocum Defense Policial Militar\",\"isPartOf\":{\"@id\":\"https:\/\/bocumdefense.com\/policial-militar\/#website\"},\"datePublished\":\"2023-08-29T11:44:23+00:00\",\"dateModified\":\"2023-08-29T11:45:15+00:00\",\"breadcrumb\":{\"@id\":\"https:\/\/bocumdefense.com\/policial-militar\/producto\/daniel-defense-dispositivo-de-supresion-superior\/#breadcrumb\"},\"inLanguage\":\"es\",\"potentialAction\":[{\"@type\":\"ReadAction\",\"target\":[\"https:\/\/bocumdefense.com\/policial-militar\/producto\/daniel-defense-dispositivo-de-supresion-superior\/\"]}]},{\"@type\":\"BreadcrumbList\",\"@id\":\"https:\/\/bocumdefense.com\/policial-militar\/producto\/daniel-defense-dispositivo-de-supresion-superior\/#breadcrumb\",\"itemListElement\":[{\"@type\":\"ListItem\",\"position\":1,\"name\":\"Portada\",\"item\":\"https:\/\/bocumdefense.com\/policial-militar\/policial-militar\/\"},{\"@type\":\"ListItem\",\"position\":2,\"name\":\"Tienda\",\"item\":\"https:\/\/bocumdefense.com\/policial-militar\/tienda\/\"},{\"@type\":\"ListItem\",\"position\":3,\"name\":\"DANIEL DEFENSE SUPERIOR SUPPRESSION DEVICE 6.8mm \/ 300 BLK\"}]},{\"@type\":\"WebSite\",\"@id\":\"https:\/\/bocumdefense.com\/policial-militar\/#website\",\"url\":\"https:\/\/bocumdefense.com\/policial-militar\/\",\"name\":\"Bocum Defense Policial Militar\",\"description\":\"\",\"potentialAction\":[{\"@type\":\"SearchAction\",\"target\":{\"@type\":\"EntryPoint\",\"urlTemplate\":\"https:\/\/bocumdefense.com\/policial-militar\/?s={search_term_string}\"},\"query-input\":\"required name=search_term_string\"}],\"inLanguage\":\"es\"}]}<\/script>\n<!-- \/ Yoast SEO plugin. -->","yoast_head_json":{"title":"DANIEL DEFENSE SUPERIOR SUPPRESSION DEVICE 6.8mm \/ 300 BLK - Bocum Defense Policial Militar","robots":{"index":"noindex","follow":"follow","max-snippet":"max-snippet:-1","max-image-preview":"max-image-preview:large","max-video-preview":"max-video-preview:-1"},"og_locale":"es_ES","og_type":"article","og_title":"DANIEL DEFENSE SUPERIOR SUPPRESSION DEVICE 6.8mm \/ 300 BLK - Bocum Defense Policial Militar","og_description":"El dispositivo de supresi\u00f3n superior de Daniel Defense ha sido dise\u00f1ado para reducir la firma del fogonazo y disminuir la elevaci\u00f3n de la boca del ca\u00f1\u00f3n. Fabricado en acero inoxidable aeroespacial 17-4 y con un acabado de nitruro de ba\u00f1o de sal, se requiere un mantenimiento m\u00ednimo. Este dispositivo de supresi\u00f3n superior de Daniel Defense est\u00e1 disponible en longitudes est\u00e1ndar o extendidas y con roscas de \u00bd x 28 TPI o 5\/8 x 24 TPI.","og_url":"https:\/\/bocumdefense.com\/policial-militar\/producto\/daniel-defense-dispositivo-de-supresion-superior\/","og_site_name":"Bocum Defense Policial Militar","article_modified_time":"2023-08-29T11:45:15+00:00","og_image":[{"width":1000,"height":1000,"url":"https:\/\/bocumdefense.com\/policial-militar\/policial-militar\/wp-content\/uploads\/2023\/02\/SUPERIOR-SUPPRESSION-DEVICE-MAIN.jpg","type":"image\/jpeg"}],"twitter_card":"summary_large_image","twitter_misc":{"Tiempo de lectura":"1 minuto"},"schema":{"@context":"https:\/\/schema.org","@graph":[{"@type":"WebPage","@id":"https:\/\/bocumdefense.com\/policial-militar\/producto\/daniel-defense-dispositivo-de-supresion-superior\/","url":"https:\/\/bocumdefense.com\/policial-militar\/producto\/daniel-defense-dispositivo-de-supresion-superior\/","name":"DANIEL DEFENSE SUPERIOR SUPPRESSION DEVICE 6.8mm \/ 300 BLK - Bocum Defense Policial Militar","isPartOf":{"@id":"https:\/\/bocumdefense.com\/policial-militar\/#website"},"datePublished":"2023-08-29T11:44:23+00:00","dateModified":"2023-08-29T11:45:15+00:00","breadcrumb":{"@id":"https:\/\/bocumdefense.com\/policial-militar\/producto\/daniel-defense-dispositivo-de-supresion-superior\/#breadcrumb"},"inLanguage":"es","potentialAction":[{"@type":"ReadAction","target":["https:\/\/bocumdefense.com\/policial-militar\/producto\/daniel-defense-dispositivo-de-supresion-superior\/"]}]},{"@type":"BreadcrumbList","@id":"https:\/\/bocumdefense.com\/policial-militar\/producto\/daniel-defense-dispositivo-de-supresion-superior\/#breadcrumb","itemListElement":[{"@type":"ListItem","position":1,"name":"Portada","item":"https:\/\/bocumdefense.com\/policial-militar\/policial-militar\/"},{"@type":"ListItem","position":2,"name":"Tienda","item":"https:\/\/bocumdefense.com\/policial-militar\/tienda\/"},{"@type":"ListItem","position":3,"name":"DANIEL DEFENSE SUPERIOR SUPPRESSION DEVICE 6.8mm \/ 300 BLK"}]},{"@type":"WebSite","@id":"https:\/\/bocumdefense.com\/policial-militar\/#website","url":"https:\/\/bocumdefense.com\/policial-militar\/","name":"Bocum Defense Policial Militar","description":"","potentialAction":[{"@type":"SearchAction","target":{"@type":"EntryPoint","urlTemplate":"https:\/\/bocumdefense.com\/policial-militar\/?s={search_term_string}"},"query-input":"required name=search_term_string"}],"inLanguage":"es"}]}},"_links":{"self":[{"href":"https:\/\/bocumdefense.com\/policial-militar\/wp-json\/wp\/v2\/product\/970","targetHints":{"allow":["GET"]}}],"collection":[{"href":"https:\/\/bocumdefense.com\/policial-militar\/wp-json\/wp\/v2\/product"}],"about":[{"href":"https:\/\/bocumdefense.com\/policial-militar\/wp-json\/wp\/v2\/types\/product"}],"replies":[{"embeddable":true,"href":"https:\/\/bocumdefense.com\/policial-militar\/wp-json\/wp\/v2\/comments?post=970"}],"wp:featuredmedia":[{"embeddable":true,"href":"https:\/\/bocumdefense.com\/policial-militar\/wp-json\/wp\/v2\/media\/698"}],"wp:attachment":[{"href":"https:\/\/bocumdefense.com\/policial-militar\/wp-json\/wp\/v2\/media?parent=970"}],"wp:term":[{"taxonomy":"product_cat","embeddable":true,"href":"https:\/\/bocumdefense.com\/policial-militar\/wp-json\/wp\/v2\/product_cat?post=970"},{"taxonomy":"product_tag","embeddable":true,"href":"https:\/\/bocumdefense.com\/policial-militar\/wp-json\/wp\/v2\/product_tag?post=970"}],"curies":[{"name":"wp","href":"https:\/\/api.w.org\/{rel}","templated":true}]}}