{"id":780,"date":"2023-08-29T12:44:30","date_gmt":"2023-08-29T11:44:30","guid":{"rendered":"https:\/\/bocumdefense.com\/policial-militar\/?post_type=product&#038;p=780"},"modified":"2023-08-29T12:45:21","modified_gmt":"2023-08-29T11:45:21","slug":"daniel-defense-dd5v3-7-62-x-51mm","status":"publish","type":"product","link":"https:\/\/bocumdefense.com\/policial-militar\/producto\/daniel-defense-dd5v3-7-62-x-51mm\/","title":{"rendered":"DANIEL DEFENSE DD5\u00aeV3\u00ae (7.62 X 51MM)"},"content":{"rendered":"<h2 style=\"text-align: center;\"><strong>DETALLES\u00a0<\/strong><\/h2>\n<p>&nbsp;<\/p>\n<p>El grupo portacerrojos mejorado reduce el retroceso general y es f\u00e1cil de mantener y manejar en todas las condiciones. Su dise\u00f1o se basa en un ca\u00f1\u00f3n forjado en fr\u00edo con un innovador sistema de conexi\u00f3n de 4 pernos, lo que aumenta significativamente la superficie de uni\u00f3n entre el ca\u00f1\u00f3n y el receptor superior, mejorando la rigidez, estabilidad y alcanzando una precisi\u00f3n t\u00edpicamente reservada para los rifles de cerrojo de alta gama. Adem\u00e1s, las plataformas DD5 presentan mejoras en los controles, como el seguro del cerrojo, el liberador del cargador, el selector de seguridad y el mecanismo mejorado de Daniel Defense. El DD5 V3 establece un nuevo est\u00e1ndar en el rendimiento de los rifles estilo AR en calibre 7.62.<\/p>\n<p>&nbsp;<\/p>\n<h2 style=\"text-align: center;\"><strong>MATERIALES Y CONSTRUCCI\u00d3N\u00a0<\/strong><\/h2>\n<p>&nbsp;<\/p>\n<ul>\n<li><strong>RECEPTOR INFERIOR:<\/strong> Compartimento del cargador acampanado mejorado y punto de anclaje de r\u00f3tula QD en el receptor trasero. Mecanizado CNC de Aluminio 7075-T6, Anodizado de Capa Dura Tipo III.<\/li>\n<li><strong>RECEPTOR SUPERIOR:<\/strong> Mecanizado CNC de Aluminio 7075-T6, Anodizado de Capa Dura Tipo III.<\/li>\n<li><strong>CA\u00d1\u00d3N:<\/strong> Acero patentado DD, forjado en fr\u00edo, torsi\u00f3n 1:10&#8243;, perfil S2W de 16\u2033, sistema de gas intermedio, forrado de cromo, recubierto de fosfato pesado Mil-Spec.<\/li>\n<li><strong>SISTEMA DE GAS:<\/strong> Bloque de gas ajustable por el usuario, mecanizado por CNC en acero 4140 endurecido y recubrimiento Mil-Spec de fosfato pesado, intermedio, de impacto directo.<\/li>\n<li><strong>DISPOSITIVO DE SUPRESI\u00d3N:<\/strong> Daniel Defense Superior Suppression Device, 17-4 PH Stainless Steel, Acabado de nitruro de ba\u00f1o salino.<\/li>\n<li><strong>GATILLO:<\/strong> Daniel Defense Mil-Spec.<\/li>\n<li><strong>GUARDAMANOS:<\/strong> Daniel Defense DD5 Rail 15.0, CNC mecanizado de aluminio 6061-T6, Fijaci\u00f3n M-LOK, anodizado de capa dura tipo III.<\/li>\n<li><strong>RECEIVER EXTENSION:<\/strong> 7 Posici\u00f3n 7075-T6 Aluminio.<\/li>\n<li><strong>CULATA:<\/strong> Culata Daniel Defense, pol\u00edmero relleno de vidrio con sobremoldeado de tacto suave.<\/li>\n<li><strong>MANGO DE PISTOLA:<\/strong> Empu\u00f1adura de pistola Daniel Defense, pol\u00edmero relleno de vidrio con sobremoldeado de tacto suave<\/li>\n<li><strong>CARGADORES:<\/strong> Acepta todos los cargadores SR-25.<\/li>\n<li><strong>Fabricado en USA<\/strong><\/li>\n<\/ul>\n<h3 style=\"text-align: center;\"><strong>CARACTER\u00cdSTICAS\u00a0<\/strong><\/h3>\n<p>&nbsp;<\/p>\n<ul>\n<li>Bloque de gas ajustable por el usuario para un disparo con supresi\u00f3n fiable<\/li>\n<li>El grupo porta cerrojos super acabado y con revestimiento DLC facilita la limpieza y el manejo en todas las condiciones.<\/li>\n<li>El portacerrojos est\u00e1 equipado con un amortiguador para optimizar el ciclo y mejorar el impulso de retroceso<\/li>\n<li>El cerrojo est\u00e1 dise\u00f1ado con una geometr\u00eda del extractor mejorada y expulsores dobles para un ciclo fiable<\/li>\n<li>Ca\u00f1\u00f3n de 40,64 cm forjado en fr\u00edo en acero cromado para una mayor precisi\u00f3n y durabilidad.<\/li>\n<li>Innovador sistema de conexi\u00f3n de 4 pernos para garantizar una mayor precisi\u00f3n<\/li>\n<li>Palanca de carga GRIP-N-RIP independiente con caracter\u00edsticas anti-gas para una mejor experiencia de disparo<\/li>\n<\/ul>\n","protected":false},"excerpt":{"rendered":"<p><strong><span style=\"color: #ff0000;\">NO DISPONIBLE EN ESPA\u00d1A PARA PARTICULARES\u00a0<\/span><\/strong><\/p>\n<p>El DD5 V3 se construye sobre los s\u00f3lidos fundamentos establecidos por Daniel Defense en los rifles estilo AR en calibre 7.62. Este rifle altamente preciso y resistente incorpora un bloque de gas ajustable que asegura una respuesta constante tanto al disparar con supresor como sin \u00e9l.<\/p>\n","protected":false},"featured_media":896,"comment_status":"open","ping_status":"closed","template":"","meta":{"_et_pb_use_builder":"","_et_pb_old_content":"","_et_gb_content_width":"","inline_featured_image":false},"product_cat":[458,167],"product_tag":[48],"class_list":["post-780","product","type-product","status-publish","has-post-thumbnail","hentry","product_cat-armas-pm","product_cat-policial-militar","product_tag-rojo-armas"],"yoast_head":"<!-- This site is optimized with the Yoast SEO plugin v20.8 - https:\/\/yoast.com\/wordpress\/plugins\/seo\/ -->\n<title>DANIEL DEFENSE DD5\u00aeV3\u00ae (7.62 X 51MM) - Bocum Defense Policial Militar<\/title>\n<meta name=\"robots\" content=\"noindex, follow, max-snippet:-1, max-image-preview:large, max-video-preview:-1\" \/>\n<meta property=\"og:locale\" content=\"es_ES\" \/>\n<meta property=\"og:type\" content=\"article\" \/>\n<meta property=\"og:title\" content=\"DANIEL DEFENSE DD5\u00aeV3\u00ae (7.62 X 51MM) - Bocum Defense Policial Militar\" \/>\n<meta property=\"og:description\" content=\"NO DISPONIBLE EN ESPA\u00d1A PARA PARTICULARES\u00a0  El DD5 V3 se construye sobre los s\u00f3lidos fundamentos establecidos por Daniel Defense en los rifles estilo AR en calibre 7.62. Este rifle altamente preciso y resistente incorpora un bloque de gas ajustable que asegura una respuesta constante tanto al disparar con supresor como sin \u00e9l.\" \/>\n<meta property=\"og:url\" content=\"https:\/\/bocumdefense.com\/policial-militar\/producto\/daniel-defense-dd5v3-7-62-x-51mm\/\" \/>\n<meta property=\"og:site_name\" content=\"Bocum Defense Policial Militar\" \/>\n<meta property=\"article:modified_time\" content=\"2023-08-29T11:45:21+00:00\" \/>\n<meta property=\"og:image\" content=\"https:\/\/bocumdefense.com\/policial-militar\/policial-militar\/wp-content\/uploads\/2023\/02\/DD5-V3-MAIN.jpg\" \/>\n\t<meta property=\"og:image:width\" content=\"1000\" \/>\n\t<meta property=\"og:image:height\" content=\"1000\" \/>\n\t<meta property=\"og:image:type\" content=\"image\/jpeg\" \/>\n<meta name=\"twitter:card\" content=\"summary_large_image\" \/>\n<meta name=\"twitter:label1\" content=\"Tiempo de lectura\" \/>\n\t<meta name=\"twitter:data1\" content=\"2 minutos\" \/>\n<script type=\"application\/ld+json\" class=\"yoast-schema-graph\">{\"@context\":\"https:\/\/schema.org\",\"@graph\":[{\"@type\":\"WebPage\",\"@id\":\"https:\/\/bocumdefense.com\/policial-militar\/producto\/daniel-defense-dd5v3-7-62-x-51mm\/\",\"url\":\"https:\/\/bocumdefense.com\/policial-militar\/producto\/daniel-defense-dd5v3-7-62-x-51mm\/\",\"name\":\"DANIEL DEFENSE DD5\u00aeV3\u00ae (7.62 X 51MM) - Bocum Defense Policial Militar\",\"isPartOf\":{\"@id\":\"https:\/\/bocumdefense.com\/policial-militar\/#website\"},\"datePublished\":\"2023-08-29T11:44:30+00:00\",\"dateModified\":\"2023-08-29T11:45:21+00:00\",\"breadcrumb\":{\"@id\":\"https:\/\/bocumdefense.com\/policial-militar\/producto\/daniel-defense-dd5v3-7-62-x-51mm\/#breadcrumb\"},\"inLanguage\":\"es\",\"potentialAction\":[{\"@type\":\"ReadAction\",\"target\":[\"https:\/\/bocumdefense.com\/policial-militar\/producto\/daniel-defense-dd5v3-7-62-x-51mm\/\"]}]},{\"@type\":\"BreadcrumbList\",\"@id\":\"https:\/\/bocumdefense.com\/policial-militar\/producto\/daniel-defense-dd5v3-7-62-x-51mm\/#breadcrumb\",\"itemListElement\":[{\"@type\":\"ListItem\",\"position\":1,\"name\":\"Portada\",\"item\":\"https:\/\/bocumdefense.com\/policial-militar\/policial-militar\/\"},{\"@type\":\"ListItem\",\"position\":2,\"name\":\"Tienda\",\"item\":\"https:\/\/bocumdefense.com\/policial-militar\/tienda\/\"},{\"@type\":\"ListItem\",\"position\":3,\"name\":\"DANIEL DEFENSE DD5\u00aeV3\u00ae (7.62 X 51MM)\"}]},{\"@type\":\"WebSite\",\"@id\":\"https:\/\/bocumdefense.com\/policial-militar\/#website\",\"url\":\"https:\/\/bocumdefense.com\/policial-militar\/\",\"name\":\"Bocum Defense Policial Militar\",\"description\":\"\",\"potentialAction\":[{\"@type\":\"SearchAction\",\"target\":{\"@type\":\"EntryPoint\",\"urlTemplate\":\"https:\/\/bocumdefense.com\/policial-militar\/?s={search_term_string}\"},\"query-input\":\"required name=search_term_string\"}],\"inLanguage\":\"es\"}]}<\/script>\n<!-- \/ Yoast SEO plugin. -->","yoast_head_json":{"title":"DANIEL DEFENSE DD5\u00aeV3\u00ae (7.62 X 51MM) - Bocum Defense Policial Militar","robots":{"index":"noindex","follow":"follow","max-snippet":"max-snippet:-1","max-image-preview":"max-image-preview:large","max-video-preview":"max-video-preview:-1"},"og_locale":"es_ES","og_type":"article","og_title":"DANIEL DEFENSE DD5\u00aeV3\u00ae (7.62 X 51MM) - Bocum Defense Policial Militar","og_description":"NO DISPONIBLE EN ESPA\u00d1A PARA PARTICULARES\u00a0  El DD5 V3 se construye sobre los s\u00f3lidos fundamentos establecidos por Daniel Defense en los rifles estilo AR en calibre 7.62. Este rifle altamente preciso y resistente incorpora un bloque de gas ajustable que asegura una respuesta constante tanto al disparar con supresor como sin \u00e9l.","og_url":"https:\/\/bocumdefense.com\/policial-militar\/producto\/daniel-defense-dd5v3-7-62-x-51mm\/","og_site_name":"Bocum Defense Policial Militar","article_modified_time":"2023-08-29T11:45:21+00:00","og_image":[{"width":1000,"height":1000,"url":"https:\/\/bocumdefense.com\/policial-militar\/policial-militar\/wp-content\/uploads\/2023\/02\/DD5-V3-MAIN.jpg","type":"image\/jpeg"}],"twitter_card":"summary_large_image","twitter_misc":{"Tiempo de lectura":"2 minutos"},"schema":{"@context":"https:\/\/schema.org","@graph":[{"@type":"WebPage","@id":"https:\/\/bocumdefense.com\/policial-militar\/producto\/daniel-defense-dd5v3-7-62-x-51mm\/","url":"https:\/\/bocumdefense.com\/policial-militar\/producto\/daniel-defense-dd5v3-7-62-x-51mm\/","name":"DANIEL DEFENSE DD5\u00aeV3\u00ae (7.62 X 51MM) - Bocum Defense Policial Militar","isPartOf":{"@id":"https:\/\/bocumdefense.com\/policial-militar\/#website"},"datePublished":"2023-08-29T11:44:30+00:00","dateModified":"2023-08-29T11:45:21+00:00","breadcrumb":{"@id":"https:\/\/bocumdefense.com\/policial-militar\/producto\/daniel-defense-dd5v3-7-62-x-51mm\/#breadcrumb"},"inLanguage":"es","potentialAction":[{"@type":"ReadAction","target":["https:\/\/bocumdefense.com\/policial-militar\/producto\/daniel-defense-dd5v3-7-62-x-51mm\/"]}]},{"@type":"BreadcrumbList","@id":"https:\/\/bocumdefense.com\/policial-militar\/producto\/daniel-defense-dd5v3-7-62-x-51mm\/#breadcrumb","itemListElement":[{"@type":"ListItem","position":1,"name":"Portada","item":"https:\/\/bocumdefense.com\/policial-militar\/policial-militar\/"},{"@type":"ListItem","position":2,"name":"Tienda","item":"https:\/\/bocumdefense.com\/policial-militar\/tienda\/"},{"@type":"ListItem","position":3,"name":"DANIEL DEFENSE DD5\u00aeV3\u00ae (7.62 X 51MM)"}]},{"@type":"WebSite","@id":"https:\/\/bocumdefense.com\/policial-militar\/#website","url":"https:\/\/bocumdefense.com\/policial-militar\/","name":"Bocum Defense Policial Militar","description":"","potentialAction":[{"@type":"SearchAction","target":{"@type":"EntryPoint","urlTemplate":"https:\/\/bocumdefense.com\/policial-militar\/?s={search_term_string}"},"query-input":"required name=search_term_string"}],"inLanguage":"es"}]}},"_links":{"self":[{"href":"https:\/\/bocumdefense.com\/policial-militar\/wp-json\/wp\/v2\/product\/780","targetHints":{"allow":["GET"]}}],"collection":[{"href":"https:\/\/bocumdefense.com\/policial-militar\/wp-json\/wp\/v2\/product"}],"about":[{"href":"https:\/\/bocumdefense.com\/policial-militar\/wp-json\/wp\/v2\/types\/product"}],"replies":[{"embeddable":true,"href":"https:\/\/bocumdefense.com\/policial-militar\/wp-json\/wp\/v2\/comments?post=780"}],"wp:featuredmedia":[{"embeddable":true,"href":"https:\/\/bocumdefense.com\/policial-militar\/wp-json\/wp\/v2\/media\/896"}],"wp:attachment":[{"href":"https:\/\/bocumdefense.com\/policial-militar\/wp-json\/wp\/v2\/media?parent=780"}],"wp:term":[{"taxonomy":"product_cat","embeddable":true,"href":"https:\/\/bocumdefense.com\/policial-militar\/wp-json\/wp\/v2\/product_cat?post=780"},{"taxonomy":"product_tag","embeddable":true,"href":"https:\/\/bocumdefense.com\/policial-militar\/wp-json\/wp\/v2\/product_tag?post=780"}],"curies":[{"name":"wp","href":"https:\/\/api.w.org\/{rel}","templated":true}]}}