{"id":779,"date":"2023-08-29T12:44:30","date_gmt":"2023-08-29T11:44:30","guid":{"rendered":"https:\/\/bocumdefense.com\/policial-militar\/?post_type=product&#038;p=779"},"modified":"2023-08-29T12:45:21","modified_gmt":"2023-08-29T11:45:21","slug":"daniel-defense-dd5-sbr-7-62x51mm","status":"publish","type":"product","link":"https:\/\/bocumdefense.com\/policial-militar\/producto\/daniel-defense-dd5-sbr-7-62x51mm\/","title":{"rendered":"DANIEL DEFENSE DD5\u00ae SBR (7.62X51MM)"},"content":{"rendered":"<h2 style=\"text-align: center;\"><strong>DETALLES\u00a0<\/strong><\/h2>\n<p>&nbsp;<\/p>\n<p>El grupo portacerrojos mejorado reduce eficazmente el retroceso y se mantiene y maneja f\u00e1cilmente en todas las condiciones. Este dise\u00f1o est\u00e1 centrado en un ca\u00f1\u00f3n forjado en fr\u00edo que utiliza un sistema de conexi\u00f3n innovador de 4 pernos, aumentando significativamente la superficie de contacto entre el ca\u00f1\u00f3n y el receptor superior para lograr una mayor rigidez y estabilidad. Esto permite aprovechar al m\u00e1ximo la precisi\u00f3n que normalmente se encuentra solo en rifles de cerrojo de alta gama. El DD5 SBR est\u00e1 equipado con una palanca de carga totalmente ambidiestra y lo \u00faltimo en tecnolog\u00eda de Daniel Defense.<\/p>\n<p>&nbsp;<\/p>\n<p>&nbsp;<\/p>\n<h2 style=\"text-align: center;\"><strong>MATERIALES Y CONSTRUCCI\u00d3N\u00a0<\/strong><\/h2>\n<p>&nbsp;<\/p>\n<ul>\n<li><strong>RECEPTOR INFERIOR:<\/strong> Compartimento del cargador acampanado mejorado y punto de anclaje de r\u00f3tula QD en el receptor trasero. Mecanizado CNC de Aluminio 7075-T6, Anodizado de Capa Dura Tipo III.<\/li>\n<li><strong>RECEPTOR SUPERIOR:<\/strong> Mecanizado CNC de Aluminio 7075-T6, Anodizado de Capa Dura Tipo III.<\/li>\n<li><strong>CA\u00d1\u00d3N<\/strong>: Acero propietario DD, forjado en fr\u00edo, torsi\u00f3n 1:10&#8243;, perfil S2W de 31,75 cm, sistema de gas de longitud media, forrado de cromo y fosfatado pesado Mil-Spec<\/li>\n<li><strong>SISTEMA DE GAS:<\/strong> Bloque de gas ajustable por el usuario, mecanizado por CNC en acero 4140 endurecido y recubrimiento Mil-Spec de fosfato pesado, longitud media, impacto directo.<\/li>\n<li><strong>DISPOSITIVO BOCA DE CA\u00d1\u00d3N:<\/strong> Compensador Lineal Daniel Defense, Acero Inoxidable 17-4 PH, Acabado Nitruro Ba\u00f1o de Sal<\/li>\n<li><strong>GATILLO:<\/strong> Daniel Defense Mil-Spec<\/li>\n<li><strong>GUARDAMANOS:<\/strong> Daniel Defense DD5 Rail 10.5, Mecanizado CNC de Aluminio 6061-T6, M-LOK Attachment, Type III Hard Coat Anodized<\/li>\n<li><strong>EXTENSI\u00d3N DEL RECEPTOR:<\/strong> 6 Posiciones Mil-Spec 7075-T6 Aluminio<\/li>\n<li><strong>CANTONERA<\/strong>: Daniel Defense Buttstock, Glass Filled Polymer with Soft Touch Overmolding<\/li>\n<li><strong>GUARNICI\u00d3N DE PISTOLA:<\/strong> Daniel Defense Pistol Grip, Glass Filled Polymer with Soft Touch Overmolding<\/li>\n<li><strong>TOPE DE MANO:<\/strong> Daniel Defense M-LOK Handstop, Aluminio Anodizado<\/li>\n<li><strong>CARGADORES:<\/strong> Acepta todos los cargadores SR-25<\/li>\n<li><strong>Fabricado en USA<\/strong><\/li>\n<\/ul>\n<p>&nbsp;<\/p>\n<p>&nbsp;<\/p>\n<h2 style=\"text-align: center;\"><strong>CARACTER\u00cdSTICAS\u00a0<\/strong><\/h2>\n<p>&nbsp;<\/p>\n<p>&nbsp;<\/p>\n<p><img loading=\"lazy\" decoding=\"async\" class=\"aligncenter wp-image-4308 size-full\" src=\"https:\/\/bocumdefense.com\/policial-militar\/policial-militar\/wp-content\/uploads\/2023\/02\/dd5_sbr_line_art_callouts.jpg\" alt=\"\" width=\"1300\" height=\"300\" srcset=\"https:\/\/bocumdefense.com\/policial-militar\/policial-militar\/wp-content\/uploads\/2023\/02\/dd5_sbr_line_art_callouts.jpg 1300w, https:\/\/bocumdefense.com\/policial-militar\/policial-militar\/wp-content\/uploads\/2023\/02\/dd5_sbr_line_art_callouts-1280x295.jpg 1280w, https:\/\/bocumdefense.com\/policial-militar\/policial-militar\/wp-content\/uploads\/2023\/02\/dd5_sbr_line_art_callouts-980x226.jpg 980w, https:\/\/bocumdefense.com\/policial-militar\/policial-militar\/wp-content\/uploads\/2023\/02\/dd5_sbr_line_art_callouts-480x111.jpg 480w\" sizes=\"(min-width: 0px) and (max-width: 480px) 480px, (min-width: 481px) and (max-width: 980px) 980px, (min-width: 981px) and (max-width: 1280px) 1280px, (min-width: 1281px) 1300px, 100vw\" \/><\/p>\n<p>&nbsp;<\/p>\n<p>&nbsp;<\/p>\n<ol>\n<li><strong>COMPENSADOR LINEAL:<\/strong>\u00a0Dirige la r\u00e1faga hacia delante, lejos del tirador<\/li>\n<li><strong>CA\u00d1\u00d3N FORJADO A MARTILLO FR\u00cdO;<\/strong>\u00a0Intenso proceso de presi\u00f3n hidr\u00e1ulica que forma los ca\u00f1ones m\u00e1s precisos y duraderos que se pueden conseguir.<\/li>\n<li><strong>HUECO DEL CARGADOR ENSANCHADO;<\/strong>\u00a0El hueco del cargador ensanchado y biselado permite colocar los cargadores en su sitio para recargarlos de la forma m\u00e1s r\u00e1pida y segura posible.<\/li>\n<li><strong>SELECTOR DE SEGURIDAD AMBI:\u00a0<\/strong>Para tiradores diestros o zurdos.<\/li>\n<li><strong>SISTEMA DE CARRIL DE FLOTACI\u00d3N LIBRE;<\/strong>\u00a0Sujeci\u00f3n patentada de 4 \u00f3 6 pernos al tubo superior que permite que el sistema de ra\u00edl deje flotar libremente el ca\u00f1\u00f3n, lo que garantizar\u00e1 que los arm\u00f3nicos del ca\u00f1\u00f3n no se vean afectados durante el funcionamiento.<\/li>\n<li><strong>CANTONERA:<\/strong>\u00a0Con carrillera antideslizante, cantoneras intercambiables y punto QD integrado.<\/li>\n<li><strong>PUNTOS QD:<\/strong>\u00a0Puntos de desconexi\u00f3n r\u00e1pida integrados para la fijaci\u00f3n de eslingas.<\/li>\n<li><b>M-LOK: <\/b>Con tecnolog\u00eda de fijaci\u00f3n M-LOK<\/li>\n<li><strong>EMPU\u00d1ADURA DE PISTOLA:<\/strong> Angulo de mu\u00f1eca ergon\u00f3mico, guardamonte integral y empu\u00f1adura antideslizante para mayor comodidad y control en todas las condiciones.<\/li>\n<li><strong>BLOQUE DE GAS AJUSTABLE:\u00a0<\/strong>Bloque de gas ajustable por el usuario para un disparo con supresi\u00f3n fiable.<\/li>\n<li><strong>SISTEMA DE CONEXI\u00d3N DE 4 PERNOS:<\/strong>\u00a0El sistema de conexi\u00f3n de 4 pernos, que fija el ca\u00f1\u00f3n al receptor sin tuerca, garantiza una mayor precisi\u00f3n.<\/li>\n<li><strong>EMPU\u00d1ADURA DE CARGA GRIP-N-RIP:<\/strong>\u00a0Empu\u00f1adura de carga de ambici\u00f3n independiente con funciones antig\u00e1s para una mejor experiencia de disparo.<\/li>\n<li><strong>TOPE DE MANO DD:<\/strong>\u00a0Daniel Defense M-LOK Handstop ayuda al tirador con la indexaci\u00f3n de la mano de apoyo, con la colocaci\u00f3n a la parte trasera de la boca del ca\u00f1\u00f3n.<\/li>\n<\/ol>\n","protected":false},"excerpt":{"rendered":"<p><strong><span style=\"color: #ff0000;\">NO DISPONIBLE EN ESPA\u00d1A PARA PARTICULARES <!--\/data\/user\/0\/com.samsung.android.app.notes\/files\/clipdata\/clipdata_bodytext_230204_175046_581.sdocx--><\/span><br \/>\n<\/strong><\/p>\n<p>El DD5 SBR proporciona todas las ventajas de los rifles de tama\u00f1o completo en un formato m\u00e1s compacto. Este rifle de alta precisi\u00f3n y resistencia est\u00e1 dise\u00f1ado con un ca\u00f1\u00f3n de 31,75 cm, un sistema de gas de longitud media y un bloque de gas ajustable que garantiza una experiencia de disparo constante, ya sea con supresor o sin \u00e9l. Adem\u00e1s, cuenta con el Compensador Lineal Daniel Defense, a\u00f1adiendo un mayor rendimiento al conjunto.<\/p>\n","protected":false},"featured_media":894,"comment_status":"open","ping_status":"closed","template":"","meta":{"_et_pb_use_builder":"","_et_pb_old_content":"","_et_gb_content_width":"","inline_featured_image":false},"product_cat":[458,167],"product_tag":[48],"class_list":["post-779","product","type-product","status-publish","has-post-thumbnail","hentry","product_cat-armas-pm","product_cat-policial-militar","product_tag-rojo-armas"],"yoast_head":"<!-- This site is optimized with the Yoast SEO plugin v20.8 - https:\/\/yoast.com\/wordpress\/plugins\/seo\/ -->\n<title>DANIEL DEFENSE DD5\u00ae SBR (7.62X51MM) - Bocum Defense Policial Militar<\/title>\n<meta name=\"robots\" content=\"noindex, follow, max-snippet:-1, max-image-preview:large, max-video-preview:-1\" \/>\n<meta property=\"og:locale\" content=\"es_ES\" \/>\n<meta property=\"og:type\" content=\"article\" \/>\n<meta property=\"og:title\" content=\"DANIEL DEFENSE DD5\u00ae SBR (7.62X51MM) - Bocum Defense Policial Militar\" \/>\n<meta property=\"og:description\" content=\"NO DISPONIBLE EN ESPA\u00d1A PARA PARTICULARES    El DD5 SBR proporciona todas las ventajas de los rifles de tama\u00f1o completo en un formato m\u00e1s compacto. Este rifle de alta precisi\u00f3n y resistencia est\u00e1 dise\u00f1ado con un ca\u00f1\u00f3n de 31,75 cm, un sistema de gas de longitud media y un bloque de gas ajustable que garantiza una experiencia de disparo constante, ya sea con supresor o sin \u00e9l. Adem\u00e1s, cuenta con el Compensador Lineal Daniel Defense, a\u00f1adiendo un mayor rendimiento al conjunto.\" \/>\n<meta property=\"og:url\" content=\"https:\/\/bocumdefense.com\/policial-militar\/producto\/daniel-defense-dd5-sbr-7-62x51mm\/\" \/>\n<meta property=\"og:site_name\" content=\"Bocum Defense Policial Militar\" \/>\n<meta property=\"article:modified_time\" content=\"2023-08-29T11:45:21+00:00\" \/>\n<meta property=\"og:image\" content=\"https:\/\/bocumdefense.com\/policial-militar\/policial-militar\/wp-content\/uploads\/2023\/02\/DD5-SBR-MAIN.jpg\" \/>\n\t<meta property=\"og:image:width\" content=\"1000\" \/>\n\t<meta property=\"og:image:height\" content=\"1000\" \/>\n\t<meta property=\"og:image:type\" content=\"image\/jpeg\" \/>\n<meta name=\"twitter:card\" content=\"summary_large_image\" \/>\n<meta name=\"twitter:label1\" content=\"Tiempo de lectura\" \/>\n\t<meta name=\"twitter:data1\" content=\"3 minutos\" \/>\n<script type=\"application\/ld+json\" class=\"yoast-schema-graph\">{\"@context\":\"https:\/\/schema.org\",\"@graph\":[{\"@type\":\"WebPage\",\"@id\":\"https:\/\/bocumdefense.com\/policial-militar\/producto\/daniel-defense-dd5-sbr-7-62x51mm\/\",\"url\":\"https:\/\/bocumdefense.com\/policial-militar\/producto\/daniel-defense-dd5-sbr-7-62x51mm\/\",\"name\":\"DANIEL DEFENSE DD5\u00ae SBR (7.62X51MM) - Bocum Defense Policial Militar\",\"isPartOf\":{\"@id\":\"https:\/\/bocumdefense.com\/policial-militar\/#website\"},\"datePublished\":\"2023-08-29T11:44:30+00:00\",\"dateModified\":\"2023-08-29T11:45:21+00:00\",\"breadcrumb\":{\"@id\":\"https:\/\/bocumdefense.com\/policial-militar\/producto\/daniel-defense-dd5-sbr-7-62x51mm\/#breadcrumb\"},\"inLanguage\":\"es\",\"potentialAction\":[{\"@type\":\"ReadAction\",\"target\":[\"https:\/\/bocumdefense.com\/policial-militar\/producto\/daniel-defense-dd5-sbr-7-62x51mm\/\"]}]},{\"@type\":\"BreadcrumbList\",\"@id\":\"https:\/\/bocumdefense.com\/policial-militar\/producto\/daniel-defense-dd5-sbr-7-62x51mm\/#breadcrumb\",\"itemListElement\":[{\"@type\":\"ListItem\",\"position\":1,\"name\":\"Portada\",\"item\":\"https:\/\/bocumdefense.com\/policial-militar\/policial-militar\/\"},{\"@type\":\"ListItem\",\"position\":2,\"name\":\"Tienda\",\"item\":\"https:\/\/bocumdefense.com\/policial-militar\/tienda\/\"},{\"@type\":\"ListItem\",\"position\":3,\"name\":\"DANIEL DEFENSE DD5\u00ae SBR (7.62X51MM)\"}]},{\"@type\":\"WebSite\",\"@id\":\"https:\/\/bocumdefense.com\/policial-militar\/#website\",\"url\":\"https:\/\/bocumdefense.com\/policial-militar\/\",\"name\":\"Bocum Defense Policial Militar\",\"description\":\"\",\"potentialAction\":[{\"@type\":\"SearchAction\",\"target\":{\"@type\":\"EntryPoint\",\"urlTemplate\":\"https:\/\/bocumdefense.com\/policial-militar\/?s={search_term_string}\"},\"query-input\":\"required name=search_term_string\"}],\"inLanguage\":\"es\"}]}<\/script>\n<!-- \/ Yoast SEO plugin. -->","yoast_head_json":{"title":"DANIEL DEFENSE DD5\u00ae SBR (7.62X51MM) - Bocum Defense Policial Militar","robots":{"index":"noindex","follow":"follow","max-snippet":"max-snippet:-1","max-image-preview":"max-image-preview:large","max-video-preview":"max-video-preview:-1"},"og_locale":"es_ES","og_type":"article","og_title":"DANIEL DEFENSE DD5\u00ae SBR (7.62X51MM) - Bocum Defense Policial Militar","og_description":"NO DISPONIBLE EN ESPA\u00d1A PARA PARTICULARES    El DD5 SBR proporciona todas las ventajas de los rifles de tama\u00f1o completo en un formato m\u00e1s compacto. Este rifle de alta precisi\u00f3n y resistencia est\u00e1 dise\u00f1ado con un ca\u00f1\u00f3n de 31,75 cm, un sistema de gas de longitud media y un bloque de gas ajustable que garantiza una experiencia de disparo constante, ya sea con supresor o sin \u00e9l. Adem\u00e1s, cuenta con el Compensador Lineal Daniel Defense, a\u00f1adiendo un mayor rendimiento al conjunto.","og_url":"https:\/\/bocumdefense.com\/policial-militar\/producto\/daniel-defense-dd5-sbr-7-62x51mm\/","og_site_name":"Bocum Defense Policial Militar","article_modified_time":"2023-08-29T11:45:21+00:00","og_image":[{"width":1000,"height":1000,"url":"https:\/\/bocumdefense.com\/policial-militar\/policial-militar\/wp-content\/uploads\/2023\/02\/DD5-SBR-MAIN.jpg","type":"image\/jpeg"}],"twitter_card":"summary_large_image","twitter_misc":{"Tiempo de lectura":"3 minutos"},"schema":{"@context":"https:\/\/schema.org","@graph":[{"@type":"WebPage","@id":"https:\/\/bocumdefense.com\/policial-militar\/producto\/daniel-defense-dd5-sbr-7-62x51mm\/","url":"https:\/\/bocumdefense.com\/policial-militar\/producto\/daniel-defense-dd5-sbr-7-62x51mm\/","name":"DANIEL DEFENSE DD5\u00ae SBR (7.62X51MM) - Bocum Defense Policial Militar","isPartOf":{"@id":"https:\/\/bocumdefense.com\/policial-militar\/#website"},"datePublished":"2023-08-29T11:44:30+00:00","dateModified":"2023-08-29T11:45:21+00:00","breadcrumb":{"@id":"https:\/\/bocumdefense.com\/policial-militar\/producto\/daniel-defense-dd5-sbr-7-62x51mm\/#breadcrumb"},"inLanguage":"es","potentialAction":[{"@type":"ReadAction","target":["https:\/\/bocumdefense.com\/policial-militar\/producto\/daniel-defense-dd5-sbr-7-62x51mm\/"]}]},{"@type":"BreadcrumbList","@id":"https:\/\/bocumdefense.com\/policial-militar\/producto\/daniel-defense-dd5-sbr-7-62x51mm\/#breadcrumb","itemListElement":[{"@type":"ListItem","position":1,"name":"Portada","item":"https:\/\/bocumdefense.com\/policial-militar\/policial-militar\/"},{"@type":"ListItem","position":2,"name":"Tienda","item":"https:\/\/bocumdefense.com\/policial-militar\/tienda\/"},{"@type":"ListItem","position":3,"name":"DANIEL DEFENSE DD5\u00ae SBR (7.62X51MM)"}]},{"@type":"WebSite","@id":"https:\/\/bocumdefense.com\/policial-militar\/#website","url":"https:\/\/bocumdefense.com\/policial-militar\/","name":"Bocum Defense Policial Militar","description":"","potentialAction":[{"@type":"SearchAction","target":{"@type":"EntryPoint","urlTemplate":"https:\/\/bocumdefense.com\/policial-militar\/?s={search_term_string}"},"query-input":"required name=search_term_string"}],"inLanguage":"es"}]}},"_links":{"self":[{"href":"https:\/\/bocumdefense.com\/policial-militar\/wp-json\/wp\/v2\/product\/779","targetHints":{"allow":["GET"]}}],"collection":[{"href":"https:\/\/bocumdefense.com\/policial-militar\/wp-json\/wp\/v2\/product"}],"about":[{"href":"https:\/\/bocumdefense.com\/policial-militar\/wp-json\/wp\/v2\/types\/product"}],"replies":[{"embeddable":true,"href":"https:\/\/bocumdefense.com\/policial-militar\/wp-json\/wp\/v2\/comments?post=779"}],"wp:featuredmedia":[{"embeddable":true,"href":"https:\/\/bocumdefense.com\/policial-militar\/wp-json\/wp\/v2\/media\/894"}],"wp:attachment":[{"href":"https:\/\/bocumdefense.com\/policial-militar\/wp-json\/wp\/v2\/media?parent=779"}],"wp:term":[{"taxonomy":"product_cat","embeddable":true,"href":"https:\/\/bocumdefense.com\/policial-militar\/wp-json\/wp\/v2\/product_cat?post=779"},{"taxonomy":"product_tag","embeddable":true,"href":"https:\/\/bocumdefense.com\/policial-militar\/wp-json\/wp\/v2\/product_tag?post=779"}],"curies":[{"name":"wp","href":"https:\/\/api.w.org\/{rel}","templated":true}]}}