{"id":764,"date":"2023-08-29T12:44:31","date_gmt":"2023-08-29T11:44:31","guid":{"rendered":"https:\/\/bocumdefense.com\/policial-militar\/?post_type=product&#038;p=764"},"modified":"2023-08-29T12:45:22","modified_gmt":"2023-08-29T11:45:22","slug":"daniel-defense-combinacion-de-culata-empunadura-de-subfusil-y-empunadura-vertical-m-lok-negro","status":"publish","type":"product","link":"https:\/\/bocumdefense.com\/policial-militar\/producto\/daniel-defense-combinacion-de-culata-empunadura-de-subfusil-y-empunadura-vertical-m-lok-negro\/","title":{"rendered":"DANIEL DEFENSE COMBINACI\u00d3N DE CULATA, EMPU\u00d1ADURA DE SUBFUSIL Y EMPU\u00d1ADURA VERTICAL M-LOK\u00ae &#8211; NEGRO"},"content":{"rendered":"<h2><strong>DETALLES\u00a0<\/strong><\/h2>\n<h4><strong>BUTTSTOCK<\/strong><\/h4>\n<p>La culata ajustable Daniel Defense se construye a partir de una mezcla patentada de pol\u00edmeros de vidrio infundido y rematado con goma de tacto suave overmolding en puntos estrat\u00e9gicos. La nueva culata se forma con precisi\u00f3n para las extensiones del receptor mil-spec para tener muy poco juego hacia adelante o lateral que es tan com\u00fan en muchas otras culatas. Esto elimina la necesidad de un dispositivo tensor o de bloqueo por fricci\u00f3n. Todo esto da como resultado una culata duradera que proporcionar\u00e1 al tirador una c\u00f3moda y repetible soldadura de la mejilla y un control sin precedentes del arma de fuego. La culata puede funcionar con una de las dos cantoneras incluidas o sin ninguna cantonera en absoluto para adaptar el rifle a cualquier equipo que el operador deba llevar. Las cantoneras vienen en dos tama\u00f1os: una forma convexa m\u00e1s gruesa (0.8&#8243;), y una forma c\u00f3ncava m\u00e1s delgada (0.5&#8243;); dise\u00f1adas para evitar que se enganchen al cargar el rifle. A ambos lados de la culata se han integrado puntos de enganche QD de rotaci\u00f3n limitada para la conexi\u00f3n ambidiestra de las eslingas.<\/p>\n<h5><strong>PESOS Y DIMENSIONES<\/strong><\/h5>\n<ul>\n<li>7 pulgadas de largo (17.78 cm)<\/li>\n<li>5,5 pulgadas de alto (13.97 cm)<\/li>\n<li>1,75 pulgadas de grosor (4.44 cm)<\/li>\n<li><strong>Peso:<\/strong> 0.50 lb (0.226 kg)<\/li>\n<li>Para tubos de extensi\u00f3n de receptor Mil-Spec<\/li>\n<\/ul>\n<hr \/>\n<h4><strong>EMPU\u00d1ADURA DE SUBFUSIL\u00a0<\/strong><\/h4>\n<p>La nueva empu\u00f1adura de subfusil Daniel Defense es una mejora de la antigua A2. Hemos dise\u00f1ado nuestra empu\u00f1adura con la ergonom\u00eda y controlabilidad en mente. Nuestra empu\u00f1adura comparte el \u00e1ngulo de la cl\u00e1sica pistola 1911 para la posici\u00f3n m\u00e1s natural de la mano y una sensaci\u00f3n c\u00f3moda.<\/p>\n<p>Esta empu\u00f1adura de subfusil incorpora un guardamonte de gran tama\u00f1o que cubre el espacio entre la empu\u00f1adura y el receptor inferior que puede desgastar la mano del tirador y se adapta f\u00e1cilmente a los guantes.<\/p>\n<p>La instalaci\u00f3n se simplifica por el hecho de que el guardamonte integral no requiere un pasador de rodillo por lo que hay una menor probabilidad de da\u00f1ar el receptor inferior. Una secci\u00f3n sobremoldeada de tacto suave mejora el agarre, en seco o en mojado.<\/p>\n<h5><strong>PESOS Y DIMENSIONES<\/strong><\/h5>\n<ul>\n<li>4,25 pulgadas de alto (10.79 cm)<\/li>\n<li>2 pulgadas de ancho (5.08 cm)<\/li>\n<li>1,38 pulgadas de grosor (3.50 cm)<\/li>\n<li><strong>Peso:<\/strong> 0.20 lb (0.090 kg)<\/li>\n<li><strong>Tornillo y arandela incluidos en el paquete.<\/strong><\/li>\n<\/ul>\n<hr \/>\n<p><strong>EMPU\u00d1ADURA VERTICAL<\/strong><\/p>\n<p>El ligero y duradero Daniel Defense Vertical Foregrip est\u00e1 construido con una mezcla patentada de pol\u00edmeros de vidrio infundido y rematado con goma suave al tacto sobremoldeado en ambos lados para un agarre seguro y c\u00f3modo.<\/p>\n<p>Utiliza el sistema de fijaci\u00f3n M-LOK para acoplarse de forma r\u00e1pida y segura a los ra\u00edles ligeros M-LOK. Su dise\u00f1o delgado y hueco y sus propiedades no conductoras proporcionan una excelente ergonom\u00eda y control del arma.<\/p>\n<h5><strong>PESOS Y DIMENSIONES<\/strong><\/h5>\n<ul>\n<li>3,30 pulgadas de alto (8.38 cm)<\/li>\n<li>1,58 pulgadas de ancho (4.01 cm)<\/li>\n<li>1,10 pulgadas de grosor (2.79 cm)<\/li>\n<li><strong>Peso:<\/strong> 0.11 lb (0.049 kg)<\/li>\n<\/ul>\n","protected":false},"excerpt":{"rendered":"<p>DETALLES\u00a0 BUTTSTOCK La culata ajustable Daniel Defense se construye a partir de una mezcla patentada de pol\u00edmeros de vidrio infundido y rematado con goma de tacto suave overmolding en puntos estrat\u00e9gicos. La nueva culata se forma con precisi\u00f3n para las extensiones del receptor mil-spec para tener muy poco juego hacia adelante o lateral que es [&hellip;]<\/p>\n","protected":false},"featured_media":836,"comment_status":"open","ping_status":"closed","template":"","meta":{"_et_pb_use_builder":"","_et_pb_old_content":"","_et_gb_content_width":"","inline_featured_image":false},"product_cat":[458,167],"product_tag":[],"class_list":["post-764","product","type-product","status-publish","has-post-thumbnail","hentry","product_cat-armas-pm","product_cat-policial-militar"],"yoast_head":"<!-- This site is optimized with the Yoast SEO plugin v20.8 - https:\/\/yoast.com\/wordpress\/plugins\/seo\/ -->\n<title>DANIEL DEFENSE COMBINACI\u00d3N DE CULATA, EMPU\u00d1ADURA DE SUBFUSIL Y EMPU\u00d1ADURA VERTICAL M-LOK\u00ae - NEGRO - Bocum Defense Policial Militar<\/title>\n<meta name=\"robots\" content=\"noindex, follow, max-snippet:-1, max-image-preview:large, max-video-preview:-1\" \/>\n<meta property=\"og:locale\" content=\"es_ES\" \/>\n<meta property=\"og:type\" content=\"article\" \/>\n<meta property=\"og:title\" content=\"DANIEL DEFENSE COMBINACI\u00d3N DE CULATA, EMPU\u00d1ADURA DE SUBFUSIL Y EMPU\u00d1ADURA VERTICAL M-LOK\u00ae - NEGRO - Bocum Defense Policial Militar\" \/>\n<meta property=\"og:description\" content=\"DETALLES\u00a0 BUTTSTOCK La culata ajustable Daniel Defense se construye a partir de una mezcla patentada de pol\u00edmeros de vidrio infundido y rematado con goma de tacto suave overmolding en puntos estrat\u00e9gicos. La nueva culata se forma con precisi\u00f3n para las extensiones del receptor mil-spec para tener muy poco juego hacia adelante o lateral que es [&hellip;]\" \/>\n<meta property=\"og:url\" content=\"https:\/\/bocumdefense.com\/policial-militar\/producto\/daniel-defense-combinacion-de-culata-empunadura-de-subfusil-y-empunadura-vertical-m-lok-negro\/\" \/>\n<meta property=\"og:site_name\" content=\"Bocum Defense Policial Militar\" \/>\n<meta property=\"article:modified_time\" content=\"2023-08-29T11:45:22+00:00\" \/>\n<meta property=\"og:image\" content=\"https:\/\/bocumdefense.com\/policial-militar\/policial-militar\/wp-content\/uploads\/2023\/02\/BUTTSTOCK-PISTOL-GRIP-M-LOK\u00ae-VERTICAL-FOREGRIP-COMBO-BLACK-MAIN.jpg\" \/>\n\t<meta property=\"og:image:width\" content=\"1000\" \/>\n\t<meta property=\"og:image:height\" content=\"1000\" \/>\n\t<meta property=\"og:image:type\" content=\"image\/jpeg\" \/>\n<meta name=\"twitter:card\" content=\"summary_large_image\" \/>\n<meta name=\"twitter:label1\" content=\"Tiempo de lectura\" \/>\n\t<meta name=\"twitter:data1\" content=\"3 minutos\" \/>\n<script type=\"application\/ld+json\" class=\"yoast-schema-graph\">{\"@context\":\"https:\/\/schema.org\",\"@graph\":[{\"@type\":\"WebPage\",\"@id\":\"https:\/\/bocumdefense.com\/policial-militar\/producto\/daniel-defense-combinacion-de-culata-empunadura-de-subfusil-y-empunadura-vertical-m-lok-negro\/\",\"url\":\"https:\/\/bocumdefense.com\/policial-militar\/producto\/daniel-defense-combinacion-de-culata-empunadura-de-subfusil-y-empunadura-vertical-m-lok-negro\/\",\"name\":\"DANIEL DEFENSE COMBINACI\u00d3N DE CULATA, EMPU\u00d1ADURA DE SUBFUSIL Y EMPU\u00d1ADURA VERTICAL M-LOK\u00ae - NEGRO - Bocum Defense Policial Militar\",\"isPartOf\":{\"@id\":\"https:\/\/bocumdefense.com\/policial-militar\/#website\"},\"datePublished\":\"2023-08-29T11:44:31+00:00\",\"dateModified\":\"2023-08-29T11:45:22+00:00\",\"breadcrumb\":{\"@id\":\"https:\/\/bocumdefense.com\/policial-militar\/producto\/daniel-defense-combinacion-de-culata-empunadura-de-subfusil-y-empunadura-vertical-m-lok-negro\/#breadcrumb\"},\"inLanguage\":\"es\",\"potentialAction\":[{\"@type\":\"ReadAction\",\"target\":[\"https:\/\/bocumdefense.com\/policial-militar\/producto\/daniel-defense-combinacion-de-culata-empunadura-de-subfusil-y-empunadura-vertical-m-lok-negro\/\"]}]},{\"@type\":\"BreadcrumbList\",\"@id\":\"https:\/\/bocumdefense.com\/policial-militar\/producto\/daniel-defense-combinacion-de-culata-empunadura-de-subfusil-y-empunadura-vertical-m-lok-negro\/#breadcrumb\",\"itemListElement\":[{\"@type\":\"ListItem\",\"position\":1,\"name\":\"Portada\",\"item\":\"https:\/\/bocumdefense.com\/policial-militar\/policial-militar\/\"},{\"@type\":\"ListItem\",\"position\":2,\"name\":\"Tienda\",\"item\":\"https:\/\/bocumdefense.com\/policial-militar\/tienda\/\"},{\"@type\":\"ListItem\",\"position\":3,\"name\":\"DANIEL DEFENSE COMBINACI\u00d3N DE CULATA, EMPU\u00d1ADURA DE SUBFUSIL Y EMPU\u00d1ADURA VERTICAL M-LOK\u00ae &#8211; NEGRO\"}]},{\"@type\":\"WebSite\",\"@id\":\"https:\/\/bocumdefense.com\/policial-militar\/#website\",\"url\":\"https:\/\/bocumdefense.com\/policial-militar\/\",\"name\":\"Bocum Defense Policial Militar\",\"description\":\"\",\"potentialAction\":[{\"@type\":\"SearchAction\",\"target\":{\"@type\":\"EntryPoint\",\"urlTemplate\":\"https:\/\/bocumdefense.com\/policial-militar\/?s={search_term_string}\"},\"query-input\":\"required name=search_term_string\"}],\"inLanguage\":\"es\"}]}<\/script>\n<!-- \/ Yoast SEO plugin. -->","yoast_head_json":{"title":"DANIEL DEFENSE COMBINACI\u00d3N DE CULATA, EMPU\u00d1ADURA DE SUBFUSIL Y EMPU\u00d1ADURA VERTICAL M-LOK\u00ae - NEGRO - Bocum Defense Policial Militar","robots":{"index":"noindex","follow":"follow","max-snippet":"max-snippet:-1","max-image-preview":"max-image-preview:large","max-video-preview":"max-video-preview:-1"},"og_locale":"es_ES","og_type":"article","og_title":"DANIEL DEFENSE COMBINACI\u00d3N DE CULATA, EMPU\u00d1ADURA DE SUBFUSIL Y EMPU\u00d1ADURA VERTICAL M-LOK\u00ae - NEGRO - Bocum Defense Policial Militar","og_description":"DETALLES\u00a0 BUTTSTOCK La culata ajustable Daniel Defense se construye a partir de una mezcla patentada de pol\u00edmeros de vidrio infundido y rematado con goma de tacto suave overmolding en puntos estrat\u00e9gicos. La nueva culata se forma con precisi\u00f3n para las extensiones del receptor mil-spec para tener muy poco juego hacia adelante o lateral que es [&hellip;]","og_url":"https:\/\/bocumdefense.com\/policial-militar\/producto\/daniel-defense-combinacion-de-culata-empunadura-de-subfusil-y-empunadura-vertical-m-lok-negro\/","og_site_name":"Bocum Defense Policial Militar","article_modified_time":"2023-08-29T11:45:22+00:00","og_image":[{"width":1000,"height":1000,"url":"https:\/\/bocumdefense.com\/policial-militar\/policial-militar\/wp-content\/uploads\/2023\/02\/BUTTSTOCK-PISTOL-GRIP-M-LOK\u00ae-VERTICAL-FOREGRIP-COMBO-BLACK-MAIN.jpg","type":"image\/jpeg"}],"twitter_card":"summary_large_image","twitter_misc":{"Tiempo de lectura":"3 minutos"},"schema":{"@context":"https:\/\/schema.org","@graph":[{"@type":"WebPage","@id":"https:\/\/bocumdefense.com\/policial-militar\/producto\/daniel-defense-combinacion-de-culata-empunadura-de-subfusil-y-empunadura-vertical-m-lok-negro\/","url":"https:\/\/bocumdefense.com\/policial-militar\/producto\/daniel-defense-combinacion-de-culata-empunadura-de-subfusil-y-empunadura-vertical-m-lok-negro\/","name":"DANIEL DEFENSE COMBINACI\u00d3N DE CULATA, EMPU\u00d1ADURA DE SUBFUSIL Y EMPU\u00d1ADURA VERTICAL M-LOK\u00ae - NEGRO - Bocum Defense Policial Militar","isPartOf":{"@id":"https:\/\/bocumdefense.com\/policial-militar\/#website"},"datePublished":"2023-08-29T11:44:31+00:00","dateModified":"2023-08-29T11:45:22+00:00","breadcrumb":{"@id":"https:\/\/bocumdefense.com\/policial-militar\/producto\/daniel-defense-combinacion-de-culata-empunadura-de-subfusil-y-empunadura-vertical-m-lok-negro\/#breadcrumb"},"inLanguage":"es","potentialAction":[{"@type":"ReadAction","target":["https:\/\/bocumdefense.com\/policial-militar\/producto\/daniel-defense-combinacion-de-culata-empunadura-de-subfusil-y-empunadura-vertical-m-lok-negro\/"]}]},{"@type":"BreadcrumbList","@id":"https:\/\/bocumdefense.com\/policial-militar\/producto\/daniel-defense-combinacion-de-culata-empunadura-de-subfusil-y-empunadura-vertical-m-lok-negro\/#breadcrumb","itemListElement":[{"@type":"ListItem","position":1,"name":"Portada","item":"https:\/\/bocumdefense.com\/policial-militar\/policial-militar\/"},{"@type":"ListItem","position":2,"name":"Tienda","item":"https:\/\/bocumdefense.com\/policial-militar\/tienda\/"},{"@type":"ListItem","position":3,"name":"DANIEL DEFENSE COMBINACI\u00d3N DE CULATA, EMPU\u00d1ADURA DE SUBFUSIL Y EMPU\u00d1ADURA VERTICAL M-LOK\u00ae &#8211; NEGRO"}]},{"@type":"WebSite","@id":"https:\/\/bocumdefense.com\/policial-militar\/#website","url":"https:\/\/bocumdefense.com\/policial-militar\/","name":"Bocum Defense Policial Militar","description":"","potentialAction":[{"@type":"SearchAction","target":{"@type":"EntryPoint","urlTemplate":"https:\/\/bocumdefense.com\/policial-militar\/?s={search_term_string}"},"query-input":"required name=search_term_string"}],"inLanguage":"es"}]}},"_links":{"self":[{"href":"https:\/\/bocumdefense.com\/policial-militar\/wp-json\/wp\/v2\/product\/764","targetHints":{"allow":["GET"]}}],"collection":[{"href":"https:\/\/bocumdefense.com\/policial-militar\/wp-json\/wp\/v2\/product"}],"about":[{"href":"https:\/\/bocumdefense.com\/policial-militar\/wp-json\/wp\/v2\/types\/product"}],"replies":[{"embeddable":true,"href":"https:\/\/bocumdefense.com\/policial-militar\/wp-json\/wp\/v2\/comments?post=764"}],"wp:featuredmedia":[{"embeddable":true,"href":"https:\/\/bocumdefense.com\/policial-militar\/wp-json\/wp\/v2\/media\/836"}],"wp:attachment":[{"href":"https:\/\/bocumdefense.com\/policial-militar\/wp-json\/wp\/v2\/media?parent=764"}],"wp:term":[{"taxonomy":"product_cat","embeddable":true,"href":"https:\/\/bocumdefense.com\/policial-militar\/wp-json\/wp\/v2\/product_cat?post=764"},{"taxonomy":"product_tag","embeddable":true,"href":"https:\/\/bocumdefense.com\/policial-militar\/wp-json\/wp\/v2\/product_tag?post=764"}],"curies":[{"name":"wp","href":"https:\/\/api.w.org\/{rel}","templated":true}]}}