{"id":3656,"date":"2023-08-29T12:44:10","date_gmt":"2023-08-29T11:44:10","guid":{"rendered":"https:\/\/bocumdefense.com\/policial-militar\/?post_type=product&#038;p=3656"},"modified":"2023-08-29T12:45:01","modified_gmt":"2023-08-29T11:45:01","slug":"kalashnikov-usa-kr-103ft-7-62x39mm-rifle","status":"publish","type":"product","link":"https:\/\/bocumdefense.com\/policial-militar\/producto\/kalashnikov-usa-kr-103ft-7-62x39mm-rifle\/","title":{"rendered":"KALASHNIKOV USA KR-103FT 7.62X39MM RIFLE"},"content":{"rendered":"<p>El KR-103 combina la autenticidad y el dise\u00f1o del AK-103 ruso con la reconocida fiabilidad de Kalashnikov USA\u2122. Este rifle, fabricado al 100% en Estados Unidos, es un modelo semiautom\u00e1tico de gas con un ca\u00f1\u00f3n forrado de cromo de 41,5 cm y un mu\u00f1\u00f3n forjado de 5,5 mm. Est\u00e1 dise\u00f1ado con una rec\u00e1mara en 7,62&#215;39 mm y se alimenta mediante un cargador de 30 cartuchos. El KR-103 incluye caracter\u00edsticas adicionales como una varilla de limpieza, un carril \u00f3ptico lateral y un portacargador forjado.<\/p>\n<p>El KR-103 cuenta con un dise\u00f1o atl\u00e9tico que seguramente complacer\u00e1 a todos los entusiastas de los AK. Es uno de los rifles m\u00e1s fiables del mercado para cualquier ocasi\u00f3n:<\/p>\n<ul>\n<li><strong>Es la \u00fanica versi\u00f3n semiautom\u00e1tica del AK-103 ruso. <\/strong><\/li>\n<li><strong>La innovadora y fiable tecnolog\u00eda de Kalashnikov USA\u2122 lo hace mucho m\u00e1s ligero, robusto y avanzado que los AK anteriores. <\/strong><\/li>\n<li><strong>Orgullosamente dise\u00f1ada y fabricada en Estados Unidos.<\/strong><\/li>\n<li><strong>El KR-103 utiliza los renombrados cartuchos 7,62\u00d739mm que contribuyen a la fiabilidad de los rifles AK.<\/strong><\/li>\n<li><strong>Viene con un ca\u00f1\u00f3n forrado de cromo que lo hace altamente preciso, duradero y dura toda la vida. El revestimiento de cromo tambi\u00e9n protege el ca\u00f1\u00f3n de la oxidaci\u00f3n y el desgaste. <\/strong><\/li>\n<li><strong>El KR-103 es compatible con una amplia gama de accesorios para rifles AKM y AK-74 y es altamente personalizable. <\/strong><\/li>\n<\/ul>\n<p>&nbsp;<\/p>\n<p>El KR-103 viene equipado con un cargador de pol\u00edmero de 30 cartuchos y una culata fija tambi\u00e9n de pol\u00edmero. Este rifle incorpora numerosas mejoras introducidas en el Kalashnikov AK-74, como los ra\u00edles \u00f3pticos laterales y un freno de boca mejorado. El freno de boca reduce el retroceso a un nivel similar al del calibre 5.56mm. Adem\u00e1s, cuenta con soportes y portadores forjados que contribuyen a prolongar la vida \u00fatil del ca\u00f1\u00f3n y mejorar la precisi\u00f3n del disparo.<\/p>\n<p>Kalashnikov USA (KUSA) se compromete a brindarle la mejor experiencia pr\u00e1ctica y la autenticidad del AK original con un rifle &#8220;Made in the US&#8221;. El KR-103 cumple con las especificaciones exactas del rifle AK fabricado en Rusia, pero utiliza piezas y materiales fabricados en Estados Unidos. Cada rifle es ensamblado por trabajadores estadounidenses bajo rigurosos controles de calidad. La ingenier\u00eda, la investigaci\u00f3n y el desarrollo que dieron lugar al KR-103 han permitido que KUSA lo haga a\u00fan m\u00e1s fiable, ligero y robusto.<\/p>\n<p><strong>Kalashnikov USA\u2122 se ha esforzado al m\u00e1ximo para asegurar la autenticidad al cumplir con las especificaciones originales rusas, al mismo tiempo que utiliza piezas y materiales fabricados en Estados Unidos.<\/strong><\/p>\n<p>&nbsp;<\/p>\n<p><strong>Este KR-103 cuenta con:<\/strong><\/p>\n<ul>\n<li>Mu\u00f1\u00f3n forjado<\/li>\n<li>Soporte forjado<\/li>\n<li>Rail \u00f3ptico lateral<\/li>\n<li>Ca\u00f1\u00f3n cromado<\/li>\n<li>Varilla de limpieza<\/li>\n<li>Cargador de 30 cartuchos<\/li>\n<li>100% hecho en USA<\/li>\n<\/ul>\n","protected":false},"excerpt":{"rendered":"<p><strong><span style=\"color: #ff0000;\">NO DISPONIBLE EN ESPA\u00d1A PARA PARTICULARES<\/span><\/strong><\/p>\n<p>El KR103 es un rifle que ofrece la misma fiabilidad legendaria que el AK-47 y el hist\u00f3rico AKM. Dise\u00f1ado para un rendimiento excepcional en cualquier entorno, este rifle no presenta dificultades gracias a su acabado en pol\u00edmero duradero y resistente. Con el KR103 a tu lado, podr\u00e1s estar siempre equipado y disparar sin problemas los este renombrado AK<\/p>\n","protected":false},"featured_media":3659,"comment_status":"open","ping_status":"closed","template":"","meta":{"_et_pb_use_builder":"","_et_pb_old_content":"","_et_gb_content_width":"","inline_featured_image":false},"product_cat":[168,167],"product_tag":[27],"class_list":["post-3656","product","type-product","status-publish","has-post-thumbnail","hentry","product_cat-kalashnikov-usa","product_cat-policial-militar","product_tag-rojo"],"yoast_head":"<!-- This site is optimized with the Yoast SEO plugin v20.8 - https:\/\/yoast.com\/wordpress\/plugins\/seo\/ -->\n<title>KALASHNIKOV USA KR-103FT 7.62X39MM RIFLE - Bocum Defense Policial Militar<\/title>\n<meta name=\"robots\" content=\"noindex, follow, max-snippet:-1, max-image-preview:large, max-video-preview:-1\" \/>\n<meta property=\"og:locale\" content=\"es_ES\" \/>\n<meta property=\"og:type\" content=\"article\" \/>\n<meta property=\"og:title\" content=\"KALASHNIKOV USA KR-103FT 7.62X39MM RIFLE - Bocum Defense Policial Militar\" \/>\n<meta property=\"og:description\" content=\"NO DISPONIBLE EN ESPA\u00d1A PARA PARTICULARES  El KR103 es un rifle que ofrece la misma fiabilidad legendaria que el AK-47 y el hist\u00f3rico AKM. Dise\u00f1ado para un rendimiento excepcional en cualquier entorno, este rifle no presenta dificultades gracias a su acabado en pol\u00edmero duradero y resistente. Con el KR103 a tu lado, podr\u00e1s estar siempre equipado y disparar sin problemas los este renombrado AK\" \/>\n<meta property=\"og:url\" content=\"https:\/\/bocumdefense.com\/policial-militar\/?post_type=product&amp;p=3656\" \/>\n<meta property=\"og:site_name\" content=\"Bocum Defense Policial Militar\" \/>\n<meta property=\"article:modified_time\" content=\"2023-08-29T11:45:01+00:00\" \/>\n<meta property=\"og:image\" content=\"https:\/\/bocumdefense.com\/policial-militar\/wp-content\/uploads\/2023\/05\/KR-103FT-7.62X39MM-RIFLE-1.jpg\" \/>\n\t<meta property=\"og:image:width\" content=\"1000\" \/>\n\t<meta property=\"og:image:height\" content=\"1000\" \/>\n\t<meta property=\"og:image:type\" content=\"image\/jpeg\" \/>\n<meta name=\"twitter:card\" content=\"summary_large_image\" \/>\n<meta name=\"twitter:label1\" content=\"Tiempo de lectura\" \/>\n\t<meta name=\"twitter:data1\" content=\"2 minutos\" \/>\n<script type=\"application\/ld+json\" class=\"yoast-schema-graph\">{\"@context\":\"https:\/\/schema.org\",\"@graph\":[{\"@type\":\"WebPage\",\"@id\":\"https:\/\/bocumdefense.com\/policial-militar\/?post_type=product&p=3656\",\"url\":\"https:\/\/bocumdefense.com\/policial-militar\/?post_type=product&p=3656\",\"name\":\"KALASHNIKOV USA KR-103FT 7.62X39MM RIFLE - Bocum Defense Policial Militar\",\"isPartOf\":{\"@id\":\"https:\/\/bocumdefense.com\/policial-militar\/#website\"},\"datePublished\":\"2023-08-29T11:44:10+00:00\",\"dateModified\":\"2023-08-29T11:45:01+00:00\",\"breadcrumb\":{\"@id\":\"https:\/\/bocumdefense.com\/policial-militar\/?post_type=product&p=3656#breadcrumb\"},\"inLanguage\":\"es\",\"potentialAction\":[{\"@type\":\"ReadAction\",\"target\":[\"https:\/\/bocumdefense.com\/policial-militar\/?post_type=product&p=3656\"]}]},{\"@type\":\"BreadcrumbList\",\"@id\":\"https:\/\/bocumdefense.com\/policial-militar\/?post_type=product&p=3656#breadcrumb\",\"itemListElement\":[{\"@type\":\"ListItem\",\"position\":1,\"name\":\"Portada\",\"item\":\"https:\/\/bocumdefense.com\/policial-militar\/policial-militar\/\"},{\"@type\":\"ListItem\",\"position\":2,\"name\":\"Tienda\",\"item\":\"https:\/\/bocumdefense.com\/policial-militar\/tienda\/\"},{\"@type\":\"ListItem\",\"position\":3,\"name\":\"KALASHNIKOV USA KR-103FT 7.62X39MM RIFLE\"}]},{\"@type\":\"WebSite\",\"@id\":\"https:\/\/bocumdefense.com\/policial-militar\/#website\",\"url\":\"https:\/\/bocumdefense.com\/policial-militar\/\",\"name\":\"Bocum Defense Policial Militar\",\"description\":\"\",\"potentialAction\":[{\"@type\":\"SearchAction\",\"target\":{\"@type\":\"EntryPoint\",\"urlTemplate\":\"https:\/\/bocumdefense.com\/policial-militar\/?s={search_term_string}\"},\"query-input\":\"required name=search_term_string\"}],\"inLanguage\":\"es\"}]}<\/script>\n<!-- \/ Yoast SEO plugin. -->","yoast_head_json":{"title":"KALASHNIKOV USA KR-103FT 7.62X39MM RIFLE - Bocum Defense Policial Militar","robots":{"index":"noindex","follow":"follow","max-snippet":"max-snippet:-1","max-image-preview":"max-image-preview:large","max-video-preview":"max-video-preview:-1"},"og_locale":"es_ES","og_type":"article","og_title":"KALASHNIKOV USA KR-103FT 7.62X39MM RIFLE - Bocum Defense Policial Militar","og_description":"NO DISPONIBLE EN ESPA\u00d1A PARA PARTICULARES  El KR103 es un rifle que ofrece la misma fiabilidad legendaria que el AK-47 y el hist\u00f3rico AKM. Dise\u00f1ado para un rendimiento excepcional en cualquier entorno, este rifle no presenta dificultades gracias a su acabado en pol\u00edmero duradero y resistente. Con el KR103 a tu lado, podr\u00e1s estar siempre equipado y disparar sin problemas los este renombrado AK","og_url":"https:\/\/bocumdefense.com\/policial-militar\/?post_type=product&p=3656","og_site_name":"Bocum Defense Policial Militar","article_modified_time":"2023-08-29T11:45:01+00:00","og_image":[{"width":1000,"height":1000,"url":"https:\/\/bocumdefense.com\/policial-militar\/wp-content\/uploads\/2023\/05\/KR-103FT-7.62X39MM-RIFLE-1.jpg","type":"image\/jpeg"}],"twitter_card":"summary_large_image","twitter_misc":{"Tiempo de lectura":"2 minutos"},"schema":{"@context":"https:\/\/schema.org","@graph":[{"@type":"WebPage","@id":"https:\/\/bocumdefense.com\/policial-militar\/?post_type=product&p=3656","url":"https:\/\/bocumdefense.com\/policial-militar\/?post_type=product&p=3656","name":"KALASHNIKOV USA KR-103FT 7.62X39MM RIFLE - Bocum Defense Policial Militar","isPartOf":{"@id":"https:\/\/bocumdefense.com\/policial-militar\/#website"},"datePublished":"2023-08-29T11:44:10+00:00","dateModified":"2023-08-29T11:45:01+00:00","breadcrumb":{"@id":"https:\/\/bocumdefense.com\/policial-militar\/?post_type=product&p=3656#breadcrumb"},"inLanguage":"es","potentialAction":[{"@type":"ReadAction","target":["https:\/\/bocumdefense.com\/policial-militar\/?post_type=product&p=3656"]}]},{"@type":"BreadcrumbList","@id":"https:\/\/bocumdefense.com\/policial-militar\/?post_type=product&p=3656#breadcrumb","itemListElement":[{"@type":"ListItem","position":1,"name":"Portada","item":"https:\/\/bocumdefense.com\/policial-militar\/policial-militar\/"},{"@type":"ListItem","position":2,"name":"Tienda","item":"https:\/\/bocumdefense.com\/policial-militar\/tienda\/"},{"@type":"ListItem","position":3,"name":"KALASHNIKOV USA KR-103FT 7.62X39MM RIFLE"}]},{"@type":"WebSite","@id":"https:\/\/bocumdefense.com\/policial-militar\/#website","url":"https:\/\/bocumdefense.com\/policial-militar\/","name":"Bocum Defense Policial Militar","description":"","potentialAction":[{"@type":"SearchAction","target":{"@type":"EntryPoint","urlTemplate":"https:\/\/bocumdefense.com\/policial-militar\/?s={search_term_string}"},"query-input":"required name=search_term_string"}],"inLanguage":"es"}]}},"_links":{"self":[{"href":"https:\/\/bocumdefense.com\/policial-militar\/wp-json\/wp\/v2\/product\/3656","targetHints":{"allow":["GET"]}}],"collection":[{"href":"https:\/\/bocumdefense.com\/policial-militar\/wp-json\/wp\/v2\/product"}],"about":[{"href":"https:\/\/bocumdefense.com\/policial-militar\/wp-json\/wp\/v2\/types\/product"}],"replies":[{"embeddable":true,"href":"https:\/\/bocumdefense.com\/policial-militar\/wp-json\/wp\/v2\/comments?post=3656"}],"wp:featuredmedia":[{"embeddable":true,"href":"https:\/\/bocumdefense.com\/policial-militar\/wp-json\/wp\/v2\/media\/3659"}],"wp:attachment":[{"href":"https:\/\/bocumdefense.com\/policial-militar\/wp-json\/wp\/v2\/media?parent=3656"}],"wp:term":[{"taxonomy":"product_cat","embeddable":true,"href":"https:\/\/bocumdefense.com\/policial-militar\/wp-json\/wp\/v2\/product_cat?post=3656"},{"taxonomy":"product_tag","embeddable":true,"href":"https:\/\/bocumdefense.com\/policial-militar\/wp-json\/wp\/v2\/product_tag?post=3656"}],"curies":[{"name":"wp","href":"https:\/\/api.w.org\/{rel}","templated":true}]}}