{"id":1179,"date":"2023-08-29T12:44:17","date_gmt":"2023-08-29T11:44:17","guid":{"rendered":"https:\/\/bocumdefense.com\/policial-militar\/?post_type=product&#038;p=1179"},"modified":"2023-08-29T12:45:09","modified_gmt":"2023-08-29T11:45:09","slug":"daniel-defense-pmag-20-lr-sr-gen-m3-7-62x51mm-nato","status":"publish","type":"product","link":"https:\/\/bocumdefense.com\/policial-militar\/producto\/daniel-defense-pmag-20-lr-sr-gen-m3-7-62x51mm-nato\/","title":{"rendered":"DANIEL DEFENSE PMAG\u00ae 20 LR\/SR GEN M3\u2122 (7.62X51MM NATO)"},"content":{"rendered":"<h2><strong>DETALLES\u00a0<\/strong><\/h2>\n<p>El 7.62&#215;51 NATO (.308 Winchester) PMAG 20 LR\/SR GEN M3 es un cargador ligero, rentable y de alta fiabilidad para rifles SR25\/M110, con una capacidad real de 20 cartuchos, cuerpo de curva constante, seguidor antivuelco y tapa antiimpacto\/polvo a presi\u00f3n.<\/p>\n<p><strong>Fabricado en EE.UU.<\/strong><\/p>\n","protected":false},"excerpt":{"rendered":"<p>Dise\u00f1ado espec\u00edficamente para munici\u00f3n SAAMI-spec, el PMAG 20 LR\/SR pesa menos de la mitad que los cargadores de acero est\u00e1ndar y mantiene un n\u00famero de cartuchos de vida \u00fatil aproximadamente igual al del propio ca\u00f1\u00f3n del rifle.<\/p>\n","protected":false},"featured_media":1261,"comment_status":"open","ping_status":"closed","template":"","meta":{"_et_pb_use_builder":"","_et_pb_old_content":"","_et_gb_content_width":"","inline_featured_image":false},"product_cat":[458,167],"product_tag":[27],"class_list":["post-1179","product","type-product","status-publish","has-post-thumbnail","hentry","product_cat-armas-pm","product_cat-policial-militar","product_tag-rojo"],"yoast_head":"<!-- This site is optimized with the Yoast SEO plugin v20.8 - https:\/\/yoast.com\/wordpress\/plugins\/seo\/ -->\n<title>DANIEL DEFENSE PMAG\u00ae 20 LR\/SR GEN M3\u2122 (7.62X51MM NATO) - Bocum Defense Policial Militar<\/title>\n<meta name=\"robots\" content=\"noindex, follow, max-snippet:-1, max-image-preview:large, max-video-preview:-1\" \/>\n<meta property=\"og:locale\" content=\"es_ES\" \/>\n<meta property=\"og:type\" content=\"article\" \/>\n<meta property=\"og:title\" content=\"DANIEL DEFENSE PMAG\u00ae 20 LR\/SR GEN M3\u2122 (7.62X51MM NATO) - Bocum Defense Policial Militar\" \/>\n<meta property=\"og:description\" content=\"Dise\u00f1ado espec\u00edficamente para munici\u00f3n SAAMI-spec, el PMAG 20 LR\/SR pesa menos de la mitad que los cargadores de acero est\u00e1ndar y mantiene un n\u00famero de cartuchos de vida \u00fatil aproximadamente igual al del propio ca\u00f1\u00f3n del rifle.\" \/>\n<meta property=\"og:url\" content=\"https:\/\/bocumdefense.com\/policial-militar\/producto\/daniel-defense-pmag-20-lr-sr-gen-m3-7-62x51mm-nato\/\" \/>\n<meta property=\"og:site_name\" content=\"Bocum Defense Policial Militar\" \/>\n<meta property=\"article:modified_time\" content=\"2023-08-29T11:45:09+00:00\" \/>\n<meta property=\"og:image\" content=\"https:\/\/bocumdefense.com\/policial-militar\/policial-militar\/wp-content\/uploads\/2023\/02\/pmag20.jpg\" \/>\n\t<meta property=\"og:image:width\" content=\"1000\" \/>\n\t<meta property=\"og:image:height\" content=\"400\" \/>\n\t<meta property=\"og:image:type\" content=\"image\/jpeg\" \/>\n<meta name=\"twitter:card\" content=\"summary_large_image\" \/>\n<meta name=\"twitter:label1\" content=\"Tiempo de lectura\" \/>\n\t<meta name=\"twitter:data1\" content=\"1 minuto\" \/>\n<script type=\"application\/ld+json\" class=\"yoast-schema-graph\">{\"@context\":\"https:\/\/schema.org\",\"@graph\":[{\"@type\":\"WebPage\",\"@id\":\"https:\/\/bocumdefense.com\/policial-militar\/producto\/daniel-defense-pmag-20-lr-sr-gen-m3-7-62x51mm-nato\/\",\"url\":\"https:\/\/bocumdefense.com\/policial-militar\/producto\/daniel-defense-pmag-20-lr-sr-gen-m3-7-62x51mm-nato\/\",\"name\":\"DANIEL DEFENSE PMAG\u00ae 20 LR\/SR GEN M3\u2122 (7.62X51MM NATO) - Bocum Defense Policial Militar\",\"isPartOf\":{\"@id\":\"https:\/\/bocumdefense.com\/policial-militar\/#website\"},\"datePublished\":\"2023-08-29T11:44:17+00:00\",\"dateModified\":\"2023-08-29T11:45:09+00:00\",\"breadcrumb\":{\"@id\":\"https:\/\/bocumdefense.com\/policial-militar\/producto\/daniel-defense-pmag-20-lr-sr-gen-m3-7-62x51mm-nato\/#breadcrumb\"},\"inLanguage\":\"es\",\"potentialAction\":[{\"@type\":\"ReadAction\",\"target\":[\"https:\/\/bocumdefense.com\/policial-militar\/producto\/daniel-defense-pmag-20-lr-sr-gen-m3-7-62x51mm-nato\/\"]}]},{\"@type\":\"BreadcrumbList\",\"@id\":\"https:\/\/bocumdefense.com\/policial-militar\/producto\/daniel-defense-pmag-20-lr-sr-gen-m3-7-62x51mm-nato\/#breadcrumb\",\"itemListElement\":[{\"@type\":\"ListItem\",\"position\":1,\"name\":\"Portada\",\"item\":\"https:\/\/bocumdefense.com\/policial-militar\/policial-militar\/\"},{\"@type\":\"ListItem\",\"position\":2,\"name\":\"Tienda\",\"item\":\"https:\/\/bocumdefense.com\/policial-militar\/tienda\/\"},{\"@type\":\"ListItem\",\"position\":3,\"name\":\"DANIEL DEFENSE PMAG\u00ae 20 LR\/SR GEN M3\u2122 (7.62X51MM NATO)\"}]},{\"@type\":\"WebSite\",\"@id\":\"https:\/\/bocumdefense.com\/policial-militar\/#website\",\"url\":\"https:\/\/bocumdefense.com\/policial-militar\/\",\"name\":\"Bocum Defense Policial Militar\",\"description\":\"\",\"potentialAction\":[{\"@type\":\"SearchAction\",\"target\":{\"@type\":\"EntryPoint\",\"urlTemplate\":\"https:\/\/bocumdefense.com\/policial-militar\/?s={search_term_string}\"},\"query-input\":\"required name=search_term_string\"}],\"inLanguage\":\"es\"}]}<\/script>\n<!-- \/ Yoast SEO plugin. -->","yoast_head_json":{"title":"DANIEL DEFENSE PMAG\u00ae 20 LR\/SR GEN M3\u2122 (7.62X51MM NATO) - Bocum Defense Policial Militar","robots":{"index":"noindex","follow":"follow","max-snippet":"max-snippet:-1","max-image-preview":"max-image-preview:large","max-video-preview":"max-video-preview:-1"},"og_locale":"es_ES","og_type":"article","og_title":"DANIEL DEFENSE PMAG\u00ae 20 LR\/SR GEN M3\u2122 (7.62X51MM NATO) - Bocum Defense Policial Militar","og_description":"Dise\u00f1ado espec\u00edficamente para munici\u00f3n SAAMI-spec, el PMAG 20 LR\/SR pesa menos de la mitad que los cargadores de acero est\u00e1ndar y mantiene un n\u00famero de cartuchos de vida \u00fatil aproximadamente igual al del propio ca\u00f1\u00f3n del rifle.","og_url":"https:\/\/bocumdefense.com\/policial-militar\/producto\/daniel-defense-pmag-20-lr-sr-gen-m3-7-62x51mm-nato\/","og_site_name":"Bocum Defense Policial Militar","article_modified_time":"2023-08-29T11:45:09+00:00","og_image":[{"width":1000,"height":400,"url":"https:\/\/bocumdefense.com\/policial-militar\/policial-militar\/wp-content\/uploads\/2023\/02\/pmag20.jpg","type":"image\/jpeg"}],"twitter_card":"summary_large_image","twitter_misc":{"Tiempo de lectura":"1 minuto"},"schema":{"@context":"https:\/\/schema.org","@graph":[{"@type":"WebPage","@id":"https:\/\/bocumdefense.com\/policial-militar\/producto\/daniel-defense-pmag-20-lr-sr-gen-m3-7-62x51mm-nato\/","url":"https:\/\/bocumdefense.com\/policial-militar\/producto\/daniel-defense-pmag-20-lr-sr-gen-m3-7-62x51mm-nato\/","name":"DANIEL DEFENSE PMAG\u00ae 20 LR\/SR GEN M3\u2122 (7.62X51MM NATO) - Bocum Defense Policial Militar","isPartOf":{"@id":"https:\/\/bocumdefense.com\/policial-militar\/#website"},"datePublished":"2023-08-29T11:44:17+00:00","dateModified":"2023-08-29T11:45:09+00:00","breadcrumb":{"@id":"https:\/\/bocumdefense.com\/policial-militar\/producto\/daniel-defense-pmag-20-lr-sr-gen-m3-7-62x51mm-nato\/#breadcrumb"},"inLanguage":"es","potentialAction":[{"@type":"ReadAction","target":["https:\/\/bocumdefense.com\/policial-militar\/producto\/daniel-defense-pmag-20-lr-sr-gen-m3-7-62x51mm-nato\/"]}]},{"@type":"BreadcrumbList","@id":"https:\/\/bocumdefense.com\/policial-militar\/producto\/daniel-defense-pmag-20-lr-sr-gen-m3-7-62x51mm-nato\/#breadcrumb","itemListElement":[{"@type":"ListItem","position":1,"name":"Portada","item":"https:\/\/bocumdefense.com\/policial-militar\/policial-militar\/"},{"@type":"ListItem","position":2,"name":"Tienda","item":"https:\/\/bocumdefense.com\/policial-militar\/tienda\/"},{"@type":"ListItem","position":3,"name":"DANIEL DEFENSE PMAG\u00ae 20 LR\/SR GEN M3\u2122 (7.62X51MM NATO)"}]},{"@type":"WebSite","@id":"https:\/\/bocumdefense.com\/policial-militar\/#website","url":"https:\/\/bocumdefense.com\/policial-militar\/","name":"Bocum Defense Policial Militar","description":"","potentialAction":[{"@type":"SearchAction","target":{"@type":"EntryPoint","urlTemplate":"https:\/\/bocumdefense.com\/policial-militar\/?s={search_term_string}"},"query-input":"required name=search_term_string"}],"inLanguage":"es"}]}},"_links":{"self":[{"href":"https:\/\/bocumdefense.com\/policial-militar\/wp-json\/wp\/v2\/product\/1179","targetHints":{"allow":["GET"]}}],"collection":[{"href":"https:\/\/bocumdefense.com\/policial-militar\/wp-json\/wp\/v2\/product"}],"about":[{"href":"https:\/\/bocumdefense.com\/policial-militar\/wp-json\/wp\/v2\/types\/product"}],"replies":[{"embeddable":true,"href":"https:\/\/bocumdefense.com\/policial-militar\/wp-json\/wp\/v2\/comments?post=1179"}],"wp:featuredmedia":[{"embeddable":true,"href":"https:\/\/bocumdefense.com\/policial-militar\/wp-json\/wp\/v2\/media\/1261"}],"wp:attachment":[{"href":"https:\/\/bocumdefense.com\/policial-militar\/wp-json\/wp\/v2\/media?parent=1179"}],"wp:term":[{"taxonomy":"product_cat","embeddable":true,"href":"https:\/\/bocumdefense.com\/policial-militar\/wp-json\/wp\/v2\/product_cat?post=1179"},{"taxonomy":"product_tag","embeddable":true,"href":"https:\/\/bocumdefense.com\/policial-militar\/wp-json\/wp\/v2\/product_tag?post=1179"}],"curies":[{"name":"wp","href":"https:\/\/api.w.org\/{rel}","templated":true}]}}